{"id":1315,"date":"2024-10-03T19:57:18","date_gmt":"2024-10-03T17:57:18","guid":{"rendered":"https:\/\/culturaalimentaria.org\/2024\/?page_id=1315"},"modified":"2024-10-09T19:19:39","modified_gmt":"2024-10-09T17:19:39","slug":"ganado-o-desierto","status":"publish","type":"page","link":"https:\/\/culturaalimentaria.org\/2024\/ganado-o-desierto\/","title":{"rendered":"Ganado o desierto"},"content":{"rendered":"\n<figure class=\"wp-block-image size-full is-resized\"><img loading=\"lazy\" decoding=\"async\" width=\"425\" height=\"638\" src=\"https:\/\/culturaalimentaria.org\/2024\/wp-content\/uploads\/2024\/10\/Ganado-o-desierto.webp\" alt=\"\" class=\"wp-image-1223\" style=\"width:304px;height:auto\" srcset=\"https:\/\/culturaalimentaria.org\/2024\/wp-content\/uploads\/2024\/10\/Ganado-o-desierto.webp 425w, https:\/\/culturaalimentaria.org\/2024\/wp-content\/uploads\/2024\/10\/Ganado-o-desierto-200x300.webp 200w\" sizes=\"auto, (max-width: 425px) 100vw, 425px\" \/><\/figure>\n\n\n\n<p class=\"has-medium-font-size\"><strong>SINOPSIS<\/strong><br>La lucha por revertir el cambio clim\u00e1tico est\u00e1 poniendo a los animales en el punto de mira.<br>El prop\u00f3sito de este documental se centra en mostrar el uso de la ganader\u00eda para la regeneraci\u00f3n de los pastos, los suelos,<br>la arboleda y el agua.<br>El buen manejo del ganado se muestra de manera real como una soluci\u00f3n para la restauraci\u00f3n de los ecosistemas y las econom\u00edas rurales.<br><strong><em>El ganado no es el enemigo, es la clave.<\/em><\/strong><\/p>\n\n\n\n<figure class=\"wp-block-image size-full\"><img loading=\"lazy\" decoding=\"async\" width=\"567\" height=\"316\" src=\"https:\/\/culturaalimentaria.org\/2024\/wp-content\/uploads\/2024\/10\/equipo.webp\" alt=\"\" class=\"wp-image-1321\" srcset=\"https:\/\/culturaalimentaria.org\/2024\/wp-content\/uploads\/2024\/10\/equipo.webp 567w, https:\/\/culturaalimentaria.org\/2024\/wp-content\/uploads\/2024\/10\/equipo-300x167.webp 300w\" sizes=\"auto, (max-width: 567px) 100vw, 567px\" \/><\/figure>\n\n\n\n<p class=\"has-medium-font-size\"><strong>LA PEL\u00cdCULA<\/strong><br>\u00abGanado o Desierto\u00bb es una pel\u00edcula documental de 84 minutos que nos hace reflexionar sobre el actual uso de nuestros campos y dehesas y de c\u00f3mo la adecuada utilizaci\u00f3n del ganado puede ser la mejor alternativa para afrontar y resolver los grandes problemas<br>que sufrimos las regiones y territorios eminentemente agr\u00edcolas y ganaderos.<br>Problemas como la desertificaci\u00f3n, la erosi\u00f3n y p\u00e9rdida de fertilidad del suelo, la contaminaci\u00f3n de las aguas, el agotamiento de los acu\u00edferos, la p\u00e9rdida de la biodiversidad, los incendios forestales, cada vez de mayor magnitud e intensidad. A lo que, adem\u00e1s, debemos sumar la escasa viabilidad econ\u00f3mica de las empresas agroganaderas, la dependencia de subsidios y ayudas, la despoblaci\u00f3n rural y la falta de relevo generacional en el campo.<br>Cuestiones que afectan de lleno a nuestros campos y que han sido &#8216;la inspiraci\u00f3n&#8217; para la producci\u00f3n de esta pel\u00edcula documental. Queremos aportar soluciones reales y viables a la principal actividad productiva y econ\u00f3mica de las zonas rurales.<\/p>\n\n\n\n<p class=\"has-medium-font-size\"><strong>PROTAGONISTAS<\/strong><\/p>\n\n\n\n<figure class=\"wp-block-image size-full\"><img loading=\"lazy\" decoding=\"async\" width=\"340\" height=\"388\" src=\"https:\/\/culturaalimentaria.org\/2024\/wp-content\/uploads\/2024\/10\/ALLAN-SAVORY.webp\" alt=\"\" class=\"wp-image-1319\" srcset=\"https:\/\/culturaalimentaria.org\/2024\/wp-content\/uploads\/2024\/10\/ALLAN-SAVORY.webp 340w, https:\/\/culturaalimentaria.org\/2024\/wp-content\/uploads\/2024\/10\/ALLAN-SAVORY-263x300.webp 263w\" sizes=\"auto, (max-width: 340px) 100vw, 340px\" \/><\/figure>\n\n\n\n<p class=\"has-medium-font-size\"><strong>ALLAN SAVORY<\/strong><br>Nacido el 15 de septiembre de 1935 en Zimbabwe; Es Bi\u00f3logo, Ecologista, Ganadero.<br>Presidente y Cofundador del Savory lnstitute. Es el fundador del Manejo Hol\u00edstico, un enfoque de pensamiento sist\u00e9mico para la gesti\u00f3n de recursos.<br>El actual Rey Carlos de Inglaterra le denomin\u00f3 como \u00abun hombre extraordinario \u00ab.<br>Y el afamado granjero Joel Salatin escribi\u00f3: \u00abLa historia reivindicar\u00e1 a Allan Savory como uno de los m\u00e1s grandes ecologistas de todos los tiempos \u00ab.<br>Durante m\u00e1s de 50 a\u00f1os Allan Savory y su equipo de ganaderos, t\u00e9cnicos y seguidores han podido revertir los procesos de desertificaci\u00f3n en muchos territorios de distintos paises de todo el mundo, generando econom\u00edas abundantes, suelos f\u00e9rtiles, mejores<br>y mayores producciones de comida y calidad de vida de las personas involucradas.<br>En junio del a\u00f1o 2019 visit\u00f3 por primera vez la Pen\u00ednsula Ib\u00e9rica con motivo de la gira Hol\u00edsticamente en la que visit\u00f3 numerosas fincas y parques nacionales de Espa\u00f1a y Portugal.<\/p>\n\n\n\n<p class=\"has-medium-font-size\"><br><strong>DIRECTOR:<\/strong> Francisco Vaquero<br><strong>GUI\u00d3N:<\/strong> Francisco Vaquero &#8211; Pedro Moriche &#8211; Guslavo Al\u00e9s<br><strong>PRODUCCI\u00d3N:<\/strong> Francisco Vaquero &#8211; Gustavo Al\u00e9s &#8211; Mercedes G\u00f3mez<br><strong>DIRECCI\u00d3N DE FOTOGRAF\u00cdA:<\/strong> Laura Nieto-Sandoval<br><strong>OPERADORES DE C\u00c1MARA \/ DRON \/ SONIDO DIRECTO: <\/strong>Manuel Luque &#8211; Miguel Serrano<br><strong>BANDA SONORA ORIGINAL: <\/strong>Juan Miguel Begines<br><strong>POST PRODUCCION DE SONIDO:<\/strong> Luis Gonz\u00e1lez<br><strong>EDICI\u00d3N Y MONTAJE:<\/strong> Jos\u00e9 Luis Picado (Badajoz) (Biznaga de plata al mejor montaje en el Festival de M\u00e1laga 2021)<br>Francisco Vaquero<br><strong>A\u00f1o:<\/strong> 2023<br><strong>Duraci\u00f3n:<\/strong> 84min<\/p>\n\n\n\n<p class=\"has-medium-font-size\"><strong>Premios en Festivales de Cine<\/strong><br>Desde Mayo del 2022 la Pel\u00edcula \u00abGanado o Desierto\u00bb ha obtenido numerosos premios y selecciones en un gran n\u00famero de Festivales de Cine en pa\u00edses como: EEUU, Canad\u00e1, Francia, Portugal, Argentina, Per\u00fa, M\u00e9xico, Colombia, Uruguay, Ecuador, Armenia, T\u00fanez, Corea del Sur o Espa\u00f1a.<\/p>\n\n\n\n<p class=\"has-medium-font-size\"><strong>Productora:<\/strong><br>Ganado o Desierto ha sido producida por Met\u00e1fora Visual con la colaboraci\u00f3n de aleJAB (Juntos arreglamos la biosfera).<br>Met\u00e1fora Visual nace en el a\u00f1o 2013 para producir pel\u00edculas independientes y spots publicitarios.<\/p>\n\n\n\n<p class=\"has-medium-font-size\"><strong>Contacto:<\/strong><br><a href=\"https:\/\/ganado-o-desierto.com\/\" target=\"_blank\" rel=\"noreferrer noopener\">https:\/\/ganado-o-desierto.com\/<\/a><br><a href=\"http:\/\/www.metaforavisual.com\" target=\"_blank\" rel=\"noreferrer noopener\">www.metaforavisual.com<\/a><br><a href=\"mailto:info@metaforavisual.com\">info@metaforavisual.com<\/a> \/ <a href=\"mailto:fran@metaforavisual.com\">fran@metaforavisual.com<\/a><br>TLF: +34 622 291 117<\/p>\n\n\n\n<p><\/p>\n","protected":false},"excerpt":{"rendered":"<p>SINOPSISLa lucha por revertir el cambio clim\u00e1tico est\u00e1 poniendo a los animales en el punto de mira.El prop\u00f3sito de este documental se centra en mostrar<\/p>\n","protected":false},"author":1,"featured_media":0,"parent":0,"menu_order":0,"comment_status":"open","ping_status":"open","template":"","meta":{"footnotes":""},"class_list":["post-1315","page","type-page","status-publish","hentry"],"_links":{"self":[{"href":"https:\/\/culturaalimentaria.org\/2024\/wp-json\/wp\/v2\/pages\/1315","targetHints":{"allow":["GET"]}}],"collection":[{"href":"https:\/\/culturaalimentaria.org\/2024\/wp-json\/wp\/v2\/pages"}],"about":[{"href":"https:\/\/culturaalimentaria.org\/2024\/wp-json\/wp\/v2\/types\/page"}],"author":[{"embeddable":true,"href":"https:\/\/culturaalimentaria.org\/2024\/wp-json\/wp\/v2\/users\/1"}],"replies":[{"embeddable":true,"href":"https:\/\/culturaalimentaria.org\/2024\/wp-json\/wp\/v2\/comments?post=1315"}],"version-history":[{"count":9,"href":"https:\/\/culturaalimentaria.org\/2024\/wp-json\/wp\/v2\/pages\/1315\/revisions"}],"predecessor-version":[{"id":1446,"href":"https:\/\/culturaalimentaria.org\/2024\/wp-json\/wp\/v2\/pages\/1315\/revisions\/1446"}],"wp:attachment":[{"href":"https:\/\/culturaalimentaria.org\/2024\/wp-json\/wp\/v2\/media?parent=1315"}],"curies":[{"name":"wp","href":"https:\/\/api.w.org\/{rel}","templated":true}]}}

<figure class="wp-block-image size-full is-resized"><img loading="lazy" decoding="async" width="425" height="638" src="https://culturaalimentaria.org/2024/wp-content/uploads/2024/10/Ganado-o-desierto.webp" alt="" class="wp-image-1223" style="width:304px;height:auto" srcset="https://culturaalimentaria.org/2024/wp-content/uploads/2024/10/Ganado-o-desierto.webp 425w, https://culturaalimentaria.org/2024/wp-content/uploads/2024/10/Ganado-o-desierto-200x300.webp 200w" sizes="auto, (max-width: 425px) 100vw, 425px" /></figure>



<p class="has-medium-font-size"><strong>SINOPSIS</strong><br>La lucha por revertir el cambio climático está poniendo a los animales en el punto de mira.<br>El propósito de este documental se centra en mostrar el uso de la ganadería para la regeneración de los pastos, los suelos,<br>la arboleda y el agua.<br>El buen manejo del ganado se muestra de manera real como una solución para la restauración de los ecosistemas y las economías rurales.<br><strong><em>El ganado no es el enemigo, es la clave.</em></strong></p>



<figure class="wp-block-image size-full"><img loading="lazy" decoding="async" width="567" height="316" src="https://culturaalimentaria.org/2024/wp-content/uploads/2024/10/equipo.webp" alt="" class="wp-image-1321" srcset="https://culturaalimentaria.org/2024/wp-content/uploads/2024/10/equipo.webp 567w, https://culturaalimentaria.org/2024/wp-content/uploads/2024/10/equipo-300x167.webp 300w" sizes="auto, (max-width: 567px) 100vw, 567px" /></figure>



<p class="has-medium-font-size"><strong>LA PELÍCULA</strong><br>«Ganado o Desierto» es una película documental de 84 minutos que nos hace reflexionar sobre el actual uso de nuestros campos y dehesas y de cómo la adecuada utilización del ganado puede ser la mejor alternativa para afrontar y resolver los grandes problemas<br>que sufrimos las regiones y territorios eminentemente agrícolas y ganaderos.<br>Problemas como la desertificación, la erosión y pérdida de fertilidad del suelo, la contaminación de las aguas, el agotamiento de los acuíferos, la pérdida de la biodiversidad, los incendios forestales, cada vez de mayor magnitud e intensidad. A lo que, además, debemos sumar la escasa viabilidad económica de las empresas agroganaderas, la dependencia de subsidios y ayudas, la despoblación rural y la falta de relevo generacional en el campo.<br>Cuestiones que afectan de lleno a nuestros campos y que han sido &#8216;la inspiración&#8217; para la producción de esta película documental. Queremos aportar soluciones reales y viables a la principal actividad productiva y económica de las zonas rurales.</p>



<p class="has-medium-font-size"><strong>PROTAGONISTAS</strong></p>



<figure class="wp-block-image size-full"><img loading="lazy" decoding="async" width="340" height="388" src="https://culturaalimentaria.org/2024/wp-content/uploads/2024/10/ALLAN-SAVORY.webp" alt="" class="wp-image-1319" srcset="https://culturaalimentaria.org/2024/wp-content/uploads/2024/10/ALLAN-SAVORY.webp 340w, https://culturaalimentaria.org/2024/wp-content/uploads/2024/10/ALLAN-SAVORY-263x300.webp 263w" sizes="auto, (max-width: 340px) 100vw, 340px" /></figure>



<p class="has-medium-font-size"><strong>ALLAN SAVORY</strong><br>Nacido el 15 de septiembre de 1935 en Zimbabwe; Es Biólogo, Ecologista, Ganadero.<br>Presidente y Cofundador del Savory lnstitute. Es el fundador del Manejo Holístico, un enfoque de pensamiento sistémico para la gestión de recursos.<br>El actual Rey Carlos de Inglaterra le denominó como «un hombre extraordinario «.<br>Y el afamado granjero Joel Salatin escribió: «La historia reivindicará a Allan Savory como uno de los más grandes ecologistas de todos los tiempos «.<br>Durante más de 50 años Allan Savory y su equipo de ganaderos, técnicos y seguidores han podido revertir los procesos de desertificación en muchos territorios de distintos paises de todo el mundo, generando economías abundantes, suelos fértiles, mejores<br>y mayores producciones de comida y calidad de vida de las personas involucradas.<br>En junio del año 2019 visitó por primera vez la Península Ibérica con motivo de la gira Holísticamente en la que visitó numerosas fincas y parques nacionales de España y Portugal.</p>



<p class="has-medium-font-size"><br><strong>DIRECTOR:</strong> Francisco Vaquero<br><strong>GUIÓN:</strong> Francisco Vaquero &#8211; Pedro Moriche &#8211; Guslavo Alés<br><strong>PRODUCCIÓN:</strong> Francisco Vaquero &#8211; Gustavo Alés &#8211; Mercedes Gómez<br><strong>DIRECCIÓN DE FOTOGRAFÍA:</strong> Laura Nieto-Sandoval<br><strong>OPERADORES DE CÁMARA / DRON / SONIDO DIRECTO: </strong>Manuel Luque &#8211; Miguel Serrano<br><strong>BANDA SONORA ORIGINAL: </strong>Juan Miguel Begines<br><strong>POST PRODUCCION DE SONIDO:</strong> Luis González<br><strong>EDICIÓN Y MONTAJE:</strong> José Luis Picado (Badajoz) (Biznaga de plata al mejor montaje en el Festival de Málaga 2021)<br>Francisco Vaquero<br><strong>Año:</strong> 2023<br><strong>Duración:</strong> 84min</p>



<p class="has-medium-font-size"><strong>Premios en Festivales de Cine</strong><br>Desde Mayo del 2022 la Película «Ganado o Desierto» ha obtenido numerosos premios y selecciones en un gran número de Festivales de Cine en países como: EEUU, Canadá, Francia, Portugal, Argentina, Perú, México, Colombia, Uruguay, Ecuador, Armenia, Túnez, Corea del Sur o España.</p>



<p class="has-medium-font-size"><strong>Productora:</strong><br>Ganado o Desierto ha sido producida por Metáfora Visual con la colaboración de aleJAB (Juntos arreglamos la biosfera).<br>Metáfora Visual nace en el año 2013 para producir películas independientes y spots publicitarios.</p>



<p class="has-medium-font-size"><strong>Contacto:</strong><br><a href="https://ganado-o-desierto.com/" target="_blank" rel="noreferrer noopener">https://ganado-o-desierto.com/</a><br><a href="http://www.metaforavisual.com" target="_blank" rel="noreferrer noopener">www.metaforavisual.com</a><br><a href="mailto:info@metaforavisual.com">info@metaforavisual.com</a> / <a href="mailto:fran@metaforavisual.com">fran@metaforavisual.com</a><br>TLF: +34 622 291 117</p>



<p></p>

<p>SINOPSISLa lucha por revertir el cambio climático está poniendo a los animales en el punto de mira.El propósito de este documental se centra en mostrar</p>
