{"id":1415,"date":"2024-10-09T18:41:15","date_gmt":"2024-10-09T16:41:15","guid":{"rendered":"https:\/\/culturaalimentaria.org\/2024\/?page_id=1415"},"modified":"2024-10-09T18:41:15","modified_gmt":"2024-10-09T16:41:15","slug":"revivir-el-campo","status":"publish","type":"page","link":"https:\/\/culturaalimentaria.org\/2024\/revivir-el-campo\/","title":{"rendered":"Revivir el campo"},"content":{"rendered":"\n<figure class=\"wp-block-image size-full is-resized\"><img loading=\"lazy\" decoding=\"async\" width=\"425\" height=\"638\" src=\"https:\/\/culturaalimentaria.org\/2024\/wp-content\/uploads\/2024\/10\/revivir-el-campo-2.webp\" alt=\"\" class=\"wp-image-1284\" style=\"width:304px;height:auto\" srcset=\"https:\/\/culturaalimentaria.org\/2024\/wp-content\/uploads\/2024\/10\/revivir-el-campo-2.webp 425w, https:\/\/culturaalimentaria.org\/2024\/wp-content\/uploads\/2024\/10\/revivir-el-campo-2-200x300.webp 200w\" sizes=\"auto, (max-width: 425px) 100vw, 425px\" \/><\/figure>\n\n\n\n<p class=\"has-medium-font-size\"><strong>Revivir el campo<\/strong><\/p>\n\n\n\n<p class=\"has-medium-font-size\"><strong>Sipnosis:<\/strong><br>\u00abRevivir el campo\u00bb aborda la transici\u00f3n hacia la agricultura regenerativa, destacando casos de \u00e9xito en Espa\u00f1a. El documental presenta la experiencia de cuatro agricultores de Arag\u00f3n, Navarra, Teruel y Granada, quienes han adoptado pr\u00e1cticas sostenibles para mejorar la productividad de sus explotaciones y enfrentar los desaf\u00edos del cambio clim\u00e1tico. La obra se enfoca en la importancia de la biodiversidad, la reducci\u00f3n del uso de productos qu\u00edmicos y la restauraci\u00f3n del suelo. Cada historia muestra c\u00f3mo la sostenibilidad y la rentabilidad pueden ir de la mano, proporcionando un modelo viable para el futuro de la agricultura.<\/p>\n\n\n\n<p class=\"has-medium-font-size\"><strong>Director:<\/strong> Diego Garc\u00eda-Vega<br><strong>A\u00f1o:<\/strong> 2024<br><strong>Duraci\u00f3n:<\/strong> 25 minutos<br><strong>Producci\u00f3n:<\/strong> Proyecto impulsado por Diego Garc\u00eda-Vega, filmado en diversas regiones de Espa\u00f1a<br><strong>Estreno:<\/strong> Disponible en YouTube desde junio de 2024<\/p>\n","protected":false},"excerpt":{"rendered":"<p>Revivir el campo Sipnosis:\u00abRevivir el campo\u00bb aborda la transici\u00f3n hacia la agricultura regenerativa, destacando casos de \u00e9xito en Espa\u00f1a. El documental presenta la experiencia de<\/p>\n","protected":false},"author":1,"featured_media":0,"parent":0,"menu_order":0,"comment_status":"open","ping_status":"open","template":"","meta":{"footnotes":""},"class_list":["post-1415","page","type-page","status-publish","hentry"],"_links":{"self":[{"href":"https:\/\/culturaalimentaria.org\/2024\/wp-json\/wp\/v2\/pages\/1415","targetHints":{"allow":["GET"]}}],"collection":[{"href":"https:\/\/culturaalimentaria.org\/2024\/wp-json\/wp\/v2\/pages"}],"about":[{"href":"https:\/\/culturaalimentaria.org\/2024\/wp-json\/wp\/v2\/types\/page"}],"author":[{"embeddable":true,"href":"https:\/\/culturaalimentaria.org\/2024\/wp-json\/wp\/v2\/users\/1"}],"replies":[{"embeddable":true,"href":"https:\/\/culturaalimentaria.org\/2024\/wp-json\/wp\/v2\/comments?post=1415"}],"version-history":[{"count":1,"href":"https:\/\/culturaalimentaria.org\/2024\/wp-json\/wp\/v2\/pages\/1415\/revisions"}],"predecessor-version":[{"id":1416,"href":"https:\/\/culturaalimentaria.org\/2024\/wp-json\/wp\/v2\/pages\/1415\/revisions\/1416"}],"wp:attachment":[{"href":"https:\/\/culturaalimentaria.org\/2024\/wp-json\/wp\/v2\/media?parent=1415"}],"curies":[{"name":"wp","href":"https:\/\/api.w.org\/{rel}","templated":true}]}}

<figure class="wp-block-image size-full is-resized"><img loading="lazy" decoding="async" width="425" height="638" src="https://culturaalimentaria.org/2024/wp-content/uploads/2024/10/revivir-el-campo-2.webp" alt="" class="wp-image-1284" style="width:304px;height:auto" srcset="https://culturaalimentaria.org/2024/wp-content/uploads/2024/10/revivir-el-campo-2.webp 425w, https://culturaalimentaria.org/2024/wp-content/uploads/2024/10/revivir-el-campo-2-200x300.webp 200w" sizes="auto, (max-width: 425px) 100vw, 425px" /></figure>



<p class="has-medium-font-size"><strong>Revivir el campo</strong></p>



<p class="has-medium-font-size"><strong>Sipnosis:</strong><br>«Revivir el campo» aborda la transición hacia la agricultura regenerativa, destacando casos de éxito en España. El documental presenta la experiencia de cuatro agricultores de Aragón, Navarra, Teruel y Granada, quienes han adoptado prácticas sostenibles para mejorar la productividad de sus explotaciones y enfrentar los desafíos del cambio climático. La obra se enfoca en la importancia de la biodiversidad, la reducción del uso de productos químicos y la restauración del suelo. Cada historia muestra cómo la sostenibilidad y la rentabilidad pueden ir de la mano, proporcionando un modelo viable para el futuro de la agricultura.</p>



<p class="has-medium-font-size"><strong>Director:</strong> Diego García-Vega<br><strong>Año:</strong> 2024<br><strong>Duración:</strong> 25 minutos<br><strong>Producción:</strong> Proyecto impulsado por Diego García-Vega, filmado en diversas regiones de España<br><strong>Estreno:</strong> Disponible en YouTube desde junio de 2024</p>

<p>Revivir el campo Sipnosis:«Revivir el campo» aborda la transición hacia la agricultura regenerativa, destacando casos de éxito en España. El documental presenta la experiencia de</p>
