{"id":1422,"date":"2024-10-09T18:50:54","date_gmt":"2024-10-09T16:50:54","guid":{"rendered":"https:\/\/culturaalimentaria.org\/2024\/?page_id=1422"},"modified":"2024-10-09T18:50:54","modified_gmt":"2024-10-09T16:50:54","slug":"la-voz-del-invernadero","status":"publish","type":"page","link":"https:\/\/culturaalimentaria.org\/2024\/la-voz-del-invernadero\/","title":{"rendered":"La voz del invernadero"},"content":{"rendered":"\n<figure class=\"wp-block-image size-full is-resized\"><img loading=\"lazy\" decoding=\"async\" width=\"425\" height=\"638\" src=\"https:\/\/culturaalimentaria.org\/2024\/wp-content\/uploads\/2024\/10\/La-voz-del-invernadero.webp\" alt=\"\" class=\"wp-image-1226\" style=\"width:304px;height:auto\" srcset=\"https:\/\/culturaalimentaria.org\/2024\/wp-content\/uploads\/2024\/10\/La-voz-del-invernadero.webp 425w, https:\/\/culturaalimentaria.org\/2024\/wp-content\/uploads\/2024\/10\/La-voz-del-invernadero-200x300.webp 200w\" sizes=\"auto, (max-width: 425px) 100vw, 425px\" \/><\/figure>\n\n\n\n<p class=\"has-medium-font-size\"><strong>La voz del invernadero<\/strong><\/p>\n\n\n\n<p class=\"has-medium-font-size\"><strong>Sipnosis:<\/strong><br>El documental \u00abLa voz del invernadero\u00bb expone las duras condiciones de trabajo en los invernaderos de Espa\u00f1a, donde el uso intensivo de plaguicidas y otros qu\u00edmicos afecta gravemente la salud de los trabajadores, muchos de los cuales sufren enfermedades como bronquitis y Parkinson. El filme muestra la realidad que enfrentan estas personas, destacando la falta de regulaci\u00f3n en el uso de productos qu\u00edmicos y los peligros asociados a la producci\u00f3n intensiva de alimentos. A trav\u00e9s de testimonios, se busca sensibilizar al p\u00fablico sobre los costos humanos y ambientales de estos m\u00e9todos agr\u00edcolas y cuestionar la sostenibilidad de los mismos\u200b. El documental pretende abrir un debate sobre las pr\u00e1cticas de producci\u00f3n de alimentos y la necesidad de mejorar las condiciones laborales en el sector agr\u00edcola.<\/p>\n\n\n\n<p class=\"has-medium-font-size\"><strong>Director: <\/strong>Santiago Donaire<br><strong>A\u00f1o:<\/strong> 2024<br><strong>Duraci\u00f3n<\/strong>: 18 minutos<br><strong>Producci\u00f3n: <\/strong>Ecologistas en Acci\u00f3n<br><strong>Tem\u00e1tica:<\/strong> Condiciones laborales en la agricultura intensiva<br><\/p>\n","protected":false},"excerpt":{"rendered":"<p>La voz del invernadero Sipnosis:El documental \u00abLa voz del invernadero\u00bb expone las duras condiciones de trabajo en los invernaderos de Espa\u00f1a, donde el uso intensivo<\/p>\n","protected":false},"author":1,"featured_media":0,"parent":0,"menu_order":0,"comment_status":"open","ping_status":"open","template":"","meta":{"footnotes":""},"class_list":["post-1422","page","type-page","status-publish","hentry"],"_links":{"self":[{"href":"https:\/\/culturaalimentaria.org\/2024\/wp-json\/wp\/v2\/pages\/1422","targetHints":{"allow":["GET"]}}],"collection":[{"href":"https:\/\/culturaalimentaria.org\/2024\/wp-json\/wp\/v2\/pages"}],"about":[{"href":"https:\/\/culturaalimentaria.org\/2024\/wp-json\/wp\/v2\/types\/page"}],"author":[{"embeddable":true,"href":"https:\/\/culturaalimentaria.org\/2024\/wp-json\/wp\/v2\/users\/1"}],"replies":[{"embeddable":true,"href":"https:\/\/culturaalimentaria.org\/2024\/wp-json\/wp\/v2\/comments?post=1422"}],"version-history":[{"count":1,"href":"https:\/\/culturaalimentaria.org\/2024\/wp-json\/wp\/v2\/pages\/1422\/revisions"}],"predecessor-version":[{"id":1423,"href":"https:\/\/culturaalimentaria.org\/2024\/wp-json\/wp\/v2\/pages\/1422\/revisions\/1423"}],"wp:attachment":[{"href":"https:\/\/culturaalimentaria.org\/2024\/wp-json\/wp\/v2\/media?parent=1422"}],"curies":[{"name":"wp","href":"https:\/\/api.w.org\/{rel}","templated":true}]}}

<figure class="wp-block-image size-full is-resized"><img loading="lazy" decoding="async" width="425" height="638" src="https://culturaalimentaria.org/2024/wp-content/uploads/2024/10/La-voz-del-invernadero.webp" alt="" class="wp-image-1226" style="width:304px;height:auto" srcset="https://culturaalimentaria.org/2024/wp-content/uploads/2024/10/La-voz-del-invernadero.webp 425w, https://culturaalimentaria.org/2024/wp-content/uploads/2024/10/La-voz-del-invernadero-200x300.webp 200w" sizes="auto, (max-width: 425px) 100vw, 425px" /></figure>



<p class="has-medium-font-size"><strong>La voz del invernadero</strong></p>



<p class="has-medium-font-size"><strong>Sipnosis:</strong><br>El documental «La voz del invernadero» expone las duras condiciones de trabajo en los invernaderos de España, donde el uso intensivo de plaguicidas y otros químicos afecta gravemente la salud de los trabajadores, muchos de los cuales sufren enfermedades como bronquitis y Parkinson. El filme muestra la realidad que enfrentan estas personas, destacando la falta de regulación en el uso de productos químicos y los peligros asociados a la producción intensiva de alimentos. A través de testimonios, se busca sensibilizar al público sobre los costos humanos y ambientales de estos métodos agrícolas y cuestionar la sostenibilidad de los mismos​. El documental pretende abrir un debate sobre las prácticas de producción de alimentos y la necesidad de mejorar las condiciones laborales en el sector agrícola.</p>



<p class="has-medium-font-size"><strong>Director: </strong>Santiago Donaire<br><strong>Año:</strong> 2024<br><strong>Duración</strong>: 18 minutos<br><strong>Producción: </strong>Ecologistas en Acción<br><strong>Temática:</strong> Condiciones laborales en la agricultura intensiva<br></p>

<p>La voz del invernadero Sipnosis:El documental «La voz del invernadero» expone las duras condiciones de trabajo en los invernaderos de España, donde el uso intensivo</p>
