{"id":1426,"date":"2024-10-09T18:55:51","date_gmt":"2024-10-09T16:55:51","guid":{"rendered":"https:\/\/culturaalimentaria.org\/2024\/?page_id=1426"},"modified":"2024-10-09T18:55:52","modified_gmt":"2024-10-09T16:55:52","slug":"los-guardianes-de-la-semilla","status":"publish","type":"page","link":"https:\/\/culturaalimentaria.org\/2024\/los-guardianes-de-la-semilla\/","title":{"rendered":"Los guardianes de la semilla"},"content":{"rendered":"\n<figure class=\"wp-block-image size-full is-resized\"><img loading=\"lazy\" decoding=\"async\" width=\"425\" height=\"638\" src=\"https:\/\/culturaalimentaria.org\/2024\/wp-content\/uploads\/2024\/10\/HAITI-CONEXION-PIRINEO-ARAGONES.webp\" alt=\"\" class=\"wp-image-1224\" style=\"width:304px;height:auto\" srcset=\"https:\/\/culturaalimentaria.org\/2024\/wp-content\/uploads\/2024\/10\/HAITI-CONEXION-PIRINEO-ARAGONES.webp 425w, https:\/\/culturaalimentaria.org\/2024\/wp-content\/uploads\/2024\/10\/HAITI-CONEXION-PIRINEO-ARAGONES-200x300.webp 200w\" sizes=\"auto, (max-width: 425px) 100vw, 425px\" \/><\/figure>\n\n\n\n<p class=\"has-medium-font-size\"><strong><strong>Los guardianes de la semilla<\/strong><\/strong><\/p>\n\n\n\n<p class=\"has-medium-font-size\"><strong>Sipnosis:<\/strong><br>El documental \u00abLos guardianes de la semilla\u00bb aborda la importancia de la conservaci\u00f3n de semillas tradicionales en el contexto de la agroecolog\u00eda y la soberan\u00eda alimentaria. A trav\u00e9s de los testimonios de agricultores del Pirineo aragon\u00e9s, la obra destaca los esfuerzos por preservar variedades locales frente a la creciente industrializaci\u00f3n y p\u00e9rdida de biodiversidad. La pel\u00edcula invita a reflexionar sobre c\u00f3mo la recuperaci\u00f3n de semillas nativas no solo protege la cultura agr\u00edcola, sino tambi\u00e9n contribuye a un sistema alimentario m\u00e1s justo y sostenible\u200b.<\/p>\n\n\n\n<p class=\"has-medium-font-size\">El documental forma parte de una campa\u00f1a de sensibilizaci\u00f3n para fomentar pr\u00e1cticas agr\u00edcolas sostenibles y la defensa del patrimonio alimentario.<\/p>\n\n\n\n<p class=\"has-medium-font-size\"><strong>Director: <\/strong>Susan Labich<br><strong>A\u00f1o:<\/strong> 2024<br><strong>Duraci\u00f3n:<\/strong> 23 minutos<br><strong>Producci\u00f3n:<\/strong> Realizado por Hait\u00ed Conexi\u00f3n y producido en colaboraci\u00f3n con Justicia Alimentaria y otras organizaciones locales del Pirineo aragon\u00e9s<\/p>\n","protected":false},"excerpt":{"rendered":"<p>Los guardianes de la semilla Sipnosis:El documental \u00abLos guardianes de la semilla\u00bb aborda la importancia de la conservaci\u00f3n de semillas tradicionales en el contexto de<\/p>\n","protected":false},"author":1,"featured_media":0,"parent":0,"menu_order":0,"comment_status":"open","ping_status":"open","template":"","meta":{"footnotes":""},"class_list":["post-1426","page","type-page","status-publish","hentry"],"_links":{"self":[{"href":"https:\/\/culturaalimentaria.org\/2024\/wp-json\/wp\/v2\/pages\/1426","targetHints":{"allow":["GET"]}}],"collection":[{"href":"https:\/\/culturaalimentaria.org\/2024\/wp-json\/wp\/v2\/pages"}],"about":[{"href":"https:\/\/culturaalimentaria.org\/2024\/wp-json\/wp\/v2\/types\/page"}],"author":[{"embeddable":true,"href":"https:\/\/culturaalimentaria.org\/2024\/wp-json\/wp\/v2\/users\/1"}],"replies":[{"embeddable":true,"href":"https:\/\/culturaalimentaria.org\/2024\/wp-json\/wp\/v2\/comments?post=1426"}],"version-history":[{"count":1,"href":"https:\/\/culturaalimentaria.org\/2024\/wp-json\/wp\/v2\/pages\/1426\/revisions"}],"predecessor-version":[{"id":1427,"href":"https:\/\/culturaalimentaria.org\/2024\/wp-json\/wp\/v2\/pages\/1426\/revisions\/1427"}],"wp:attachment":[{"href":"https:\/\/culturaalimentaria.org\/2024\/wp-json\/wp\/v2\/media?parent=1426"}],"curies":[{"name":"wp","href":"https:\/\/api.w.org\/{rel}","templated":true}]}}

<figure class="wp-block-image size-full is-resized"><img loading="lazy" decoding="async" width="425" height="638" src="https://culturaalimentaria.org/2024/wp-content/uploads/2024/10/HAITI-CONEXION-PIRINEO-ARAGONES.webp" alt="" class="wp-image-1224" style="width:304px;height:auto" srcset="https://culturaalimentaria.org/2024/wp-content/uploads/2024/10/HAITI-CONEXION-PIRINEO-ARAGONES.webp 425w, https://culturaalimentaria.org/2024/wp-content/uploads/2024/10/HAITI-CONEXION-PIRINEO-ARAGONES-200x300.webp 200w" sizes="auto, (max-width: 425px) 100vw, 425px" /></figure>



<p class="has-medium-font-size"><strong><strong>Los guardianes de la semilla</strong></strong></p>



<p class="has-medium-font-size"><strong>Sipnosis:</strong><br>El documental «Los guardianes de la semilla» aborda la importancia de la conservación de semillas tradicionales en el contexto de la agroecología y la soberanía alimentaria. A través de los testimonios de agricultores del Pirineo aragonés, la obra destaca los esfuerzos por preservar variedades locales frente a la creciente industrialización y pérdida de biodiversidad. La película invita a reflexionar sobre cómo la recuperación de semillas nativas no solo protege la cultura agrícola, sino también contribuye a un sistema alimentario más justo y sostenible​.</p>



<p class="has-medium-font-size">El documental forma parte de una campaña de sensibilización para fomentar prácticas agrícolas sostenibles y la defensa del patrimonio alimentario.</p>



<p class="has-medium-font-size"><strong>Director: </strong>Susan Labich<br><strong>Año:</strong> 2024<br><strong>Duración:</strong> 23 minutos<br><strong>Producción:</strong> Realizado por Haití Conexión y producido en colaboración con Justicia Alimentaria y otras organizaciones locales del Pirineo aragonés</p>

<p>Los guardianes de la semilla Sipnosis:El documental «Los guardianes de la semilla» aborda la importancia de la conservación de semillas tradicionales en el contexto de</p>
