{"id":1430,"date":"2024-10-09T19:01:02","date_gmt":"2024-10-09T17:01:02","guid":{"rendered":"https:\/\/culturaalimentaria.org\/2024\/?page_id=1430"},"modified":"2024-10-09T19:01:49","modified_gmt":"2024-10-09T17:01:49","slug":"el-cost-de-la-fruita","status":"publish","type":"page","link":"https:\/\/culturaalimentaria.org\/2024\/el-cost-de-la-fruita\/","title":{"rendered":"El cost de la fruita"},"content":{"rendered":"\n<figure class=\"wp-block-image size-full is-resized\"><img loading=\"lazy\" decoding=\"async\" width=\"425\" height=\"638\" src=\"https:\/\/culturaalimentaria.org\/2024\/wp-content\/uploads\/2024\/10\/El-cost-de-la-fruta.webp\" alt=\"\" class=\"wp-image-1220\" style=\"width:304px;height:auto\" srcset=\"https:\/\/culturaalimentaria.org\/2024\/wp-content\/uploads\/2024\/10\/El-cost-de-la-fruta.webp 425w, https:\/\/culturaalimentaria.org\/2024\/wp-content\/uploads\/2024\/10\/El-cost-de-la-fruta-200x300.webp 200w\" sizes=\"auto, (max-width: 425px) 100vw, 425px\" \/><\/figure>\n\n\n\n<p class=\"has-medium-font-size\"><strong>El cost de la fruita<\/strong><\/p>\n\n\n\n<p class=\"has-medium-font-size\"><strong>Sipnosis:<\/strong><br>\u00abEl cost de la fruita\u00bb es un documental que explora la precaria realidad de los trabajadores temporeros en las comarcas agr\u00edcolas de Lleida, en el oeste de Catalu\u00f1a. A trav\u00e9s de testimonios de inmigrantes, en su mayor\u00eda provenientes de \u00c1frica y otras partes del mundo, as\u00ed como de peque\u00f1os agricultores, el filme muestra las dif\u00edciles condiciones laborales y de vida que enfrentan estos trabajadores cada temporada para cosechar fruta dulce destinada a los mercados europeos. El documental aborda la desigualdad y los desaf\u00edos econ\u00f3micos en un sector donde los precios de venta de la fruta no cubren los costos de producci\u00f3n, lo que deja a los campesinos en una situaci\u00f3n cr\u00edtica.<\/p>\n\n\n\n<p class=\"has-medium-font-size\">El proyecto se film\u00f3 durante los veranos de 2018 y 2019, capturando la lucha por la supervivencia tanto de los temporeros como de los peque\u00f1os agricultores, en un contexto marcado por la explotaci\u00f3n laboral y la crisis del sector agr\u00edcola.<\/p>\n\n\n\n<p class=\"has-medium-font-size\"><strong>Directores:<\/strong> Clara Barbal y Pablo Rogero<br><strong>A\u00f1o:<\/strong> 2020<br><strong>Duraci\u00f3n: <\/strong>60 minutos<br><strong>Pa\u00eds:<\/strong> Espa\u00f1a<br><strong>Idiomas:<\/strong> Catal\u00e1n y castellano<\/p>\n","protected":false},"excerpt":{"rendered":"<p>El cost de la fruita Sipnosis:\u00abEl cost de la fruita\u00bb es un documental que explora la precaria realidad de los trabajadores temporeros en las comarcas<\/p>\n","protected":false},"author":1,"featured_media":0,"parent":0,"menu_order":0,"comment_status":"open","ping_status":"open","template":"","meta":{"footnotes":""},"class_list":["post-1430","page","type-page","status-publish","hentry"],"_links":{"self":[{"href":"https:\/\/culturaalimentaria.org\/2024\/wp-json\/wp\/v2\/pages\/1430","targetHints":{"allow":["GET"]}}],"collection":[{"href":"https:\/\/culturaalimentaria.org\/2024\/wp-json\/wp\/v2\/pages"}],"about":[{"href":"https:\/\/culturaalimentaria.org\/2024\/wp-json\/wp\/v2\/types\/page"}],"author":[{"embeddable":true,"href":"https:\/\/culturaalimentaria.org\/2024\/wp-json\/wp\/v2\/users\/1"}],"replies":[{"embeddable":true,"href":"https:\/\/culturaalimentaria.org\/2024\/wp-json\/wp\/v2\/comments?post=1430"}],"version-history":[{"count":1,"href":"https:\/\/culturaalimentaria.org\/2024\/wp-json\/wp\/v2\/pages\/1430\/revisions"}],"predecessor-version":[{"id":1431,"href":"https:\/\/culturaalimentaria.org\/2024\/wp-json\/wp\/v2\/pages\/1430\/revisions\/1431"}],"wp:attachment":[{"href":"https:\/\/culturaalimentaria.org\/2024\/wp-json\/wp\/v2\/media?parent=1430"}],"curies":[{"name":"wp","href":"https:\/\/api.w.org\/{rel}","templated":true}]}}

<figure class="wp-block-image size-full is-resized"><img loading="lazy" decoding="async" width="425" height="638" src="https://culturaalimentaria.org/2024/wp-content/uploads/2024/10/El-cost-de-la-fruta.webp" alt="" class="wp-image-1220" style="width:304px;height:auto" srcset="https://culturaalimentaria.org/2024/wp-content/uploads/2024/10/El-cost-de-la-fruta.webp 425w, https://culturaalimentaria.org/2024/wp-content/uploads/2024/10/El-cost-de-la-fruta-200x300.webp 200w" sizes="auto, (max-width: 425px) 100vw, 425px" /></figure>



<p class="has-medium-font-size"><strong>El cost de la fruita</strong></p>



<p class="has-medium-font-size"><strong>Sipnosis:</strong><br>«El cost de la fruita» es un documental que explora la precaria realidad de los trabajadores temporeros en las comarcas agrícolas de Lleida, en el oeste de Cataluña. A través de testimonios de inmigrantes, en su mayoría provenientes de África y otras partes del mundo, así como de pequeños agricultores, el filme muestra las difíciles condiciones laborales y de vida que enfrentan estos trabajadores cada temporada para cosechar fruta dulce destinada a los mercados europeos. El documental aborda la desigualdad y los desafíos económicos en un sector donde los precios de venta de la fruta no cubren los costos de producción, lo que deja a los campesinos en una situación crítica.</p>



<p class="has-medium-font-size">El proyecto se filmó durante los veranos de 2018 y 2019, capturando la lucha por la supervivencia tanto de los temporeros como de los pequeños agricultores, en un contexto marcado por la explotación laboral y la crisis del sector agrícola.</p>



<p class="has-medium-font-size"><strong>Directores:</strong> Clara Barbal y Pablo Rogero<br><strong>Año:</strong> 2020<br><strong>Duración: </strong>60 minutos<br><strong>País:</strong> España<br><strong>Idiomas:</strong> Catalán y castellano</p>
