{"id":3,"date":"2024-08-16T19:37:25","date_gmt":"2024-08-16T17:37:25","guid":{"rendered":"https:\/\/culturaalimentaria.org\/2024\/?page_id=3"},"modified":"2024-08-28T19:20:00","modified_gmt":"2024-08-28T17:20:00","slug":"politica-privacidad","status":"publish","type":"page","link":"https:\/\/culturaalimentaria.org\/2024\/politica-privacidad\/","title":{"rendered":"Pol\u00edtica de privacidad"},"content":{"rendered":"\n<h2 class=\"wp-block-heading\"><\/h2>\n\n\n\n<p class=\"has-medium-font-size\"><strong>Responsable<\/strong><\/p>\n\n\n\n<p class=\"has-medium-font-size\">El responsable de los tratamientos de datos referentes a los distintos procesos con respecto a la gesti\u00f3n de nuestros usuarios del sitio web es Alfonso Lacuesta P\u00e9rez, con CIF 16552315C y con domicilio en Joaqu\u00edn Turina 5, 5\u00baA, Logro\u00f1o, La Rioja, Espa\u00f1a.<\/p>\n\n\n\n<p class=\"has-medium-font-size\">A cerca de cualquier consulta sobre nuestra pol\u00edtica de protecci\u00f3n de datos el correo electr\u00f3nico es <a href=\"mailto:participa@culturaalimentaria.org\">participa@culturaalimentaria.org<\/a><\/p>\n\n\n\n<p class=\"has-medium-font-size\"><strong>Naturaleza de los datos que recogemos:<\/strong><\/p>\n\n\n\n<p class=\"has-medium-font-size\">Los datos personales que este sitio web recoge sobre sus usuarios web son:<\/p>\n\n\n\n<p class=\"has-medium-font-size\">Datos de identificaci\u00f3n como son nombre y correo electr\u00f3nico.<\/p>\n\n\n\n<p class=\"has-medium-font-size\"><strong>Finalidad de la recogida de datos:<\/strong><\/p>\n\n\n\n<p class=\"has-medium-font-size\">Los fines son estad\u00edsticos e informativos. Pueden ser con motivo de enviarle una comunicaci\u00f3n, informarle de las publicaciones del blog, informarle de cambios en la privacidad o del funcionamiento de aplicaciones o servicios. Llevar a cabo encuestas de satisfacci\u00f3n, estudios de mercado, etc. con el fin de poder ofrecerle un servicio m\u00e1s adecuado y una calidad optimizada de servicio e informaci\u00f3n, etc.<\/p>\n\n\n\n<p class=\"has-medium-font-size\"><strong>Procedencia y obtenci\u00f3n de los datos:<\/strong><\/p>\n\n\n\n<p class=\"has-medium-font-size\">Los datos los hemos obtenido directamente de usted mediante el env\u00edo de un formulario de contacto, formulario de comentarios, formularios que hay en nuestra cuenta de Facebook, o de redes sociales en general, correo electr\u00f3nico, etc. Ser\u00e1 obligaci\u00f3n suya o de su empresa facilitarnos los datos actualizados en caso de modificaci\u00f3n.<\/p>\n\n\n\n<p class=\"has-medium-font-size\">Estos datos son almacenados por nosotros y dependiendo de su procedencia son segmentados en base a nuestros intereses. Estos datos son proporcionados por el interesado de manera voluntaria y es el propio interesado el responsable de la veracidad y validez de los mismos.<\/p>\n\n\n\n<p class=\"has-medium-font-size\">Mediante los comentarios tambi\u00e9n recogemos datos de los lectores que se almacenan en la propia base de datos de WordPress.<\/p>\n\n\n\n<p class=\"has-medium-font-size\"><strong>Tiempo que conservaremos sus datos<\/strong><\/p>\n\n\n\n<p class=\"has-medium-font-size\">Los datos personales relativos a personas f\u00edsicas vinculadas a clientes potenciales, clientes y proveedores que este sitio web recopile mediante los distintos formularios de contacto y\/o recogida de informaci\u00f3n se conservar\u00e1n mientras no se solicite su supresi\u00f3n por el interesado.<\/p>\n\n\n\n<p class=\"has-medium-font-size\"><strong>Base de legitimaci\u00f3n<\/strong><\/p>\n\n\n\n<p class=\"has-medium-font-size\">El usuario, cliente o proveedor da su consentimiento libre e inequ\u00edvoco para enviarle mails, newsletter y comunicaciones.<\/p>\n\n\n\n<p class=\"has-medium-font-size\"><strong>Cesi\u00f3n de datos<\/strong><\/p>\n\n\n\n<p class=\"has-medium-font-size\">No cedemos datos a terceros de manera expl\u00edcita, pero usamos una plataforma de gesti\u00f3n de listas de correo Mailchimp que almacenan y nos ayudan a manejar las listas de suscriptores dentro de un entorno seguro. Utilizamos herramientas de anal\u00edtica como Google Analytics que recaba informaci\u00f3n de perfiles de usuario de forma an\u00f3nima que nos sirven para fines estad\u00edsticos y prospectivos. Utilizamos herramientas de Facebook para empresas que nos ayudan a segmentar nuestro p\u00fablico y optimizar nuestra inversi\u00f3n publicitaria de manera an\u00f3nima como es el pixel de Facebook. Tambi\u00e9n en casos utilizamos CRM (plataformas y herramientas para la gesti\u00f3n de clientes) como pueden ser Hubspot, TeamLeader, Zoho\u2026 en los que almacenamos y clasificamos contactos.<\/p>\n\n\n\n<p class=\"has-medium-font-size\">&#8216;Cultura Alimentaria&#8217; nunca compartir\u00e1 sus datos personales con ninguna empresa tercera que pretenda utilizarlos en sus acciones de marketing directo, excepto en el caso de que nos hayas autorizado expresamente a ello.<\/p>\n\n\n\n<p class=\"has-medium-font-size\">Le informamos que podemos facilitar sus datos personales a organismos de la Administraci\u00f3n P\u00fablica y autoridades competentes en aquellos casos que este sitio web reciba un requerimiento legal por parte de dichas Autoridades o en los casos que actuando de buena fe, consideramos que tal acci\u00f3n es razonablemente necesaria para cumplir con un proceso judicial; para contestar cualquier reclamaci\u00f3n o demanda jur\u00eddica; o para proteger los derechos de este sitio web o de sus clientes y el p\u00fablico en general.<\/p>\n\n\n\n<p class=\"has-medium-font-size\"><strong>Oposici\u00f3n y modificaci\u00f3n<\/strong><\/p>\n\n\n\n<p class=\"has-medium-font-size\">Puedes ejercer en cualquier momento el derecho a que tus datos se borren, modifiquen o que se eliminen de una lista escribiendo a participa@culturaalimentaria.org\u00a0 Es posible que tardemos unos d\u00edas en procesar tu solicitud.<\/p>\n\n\n\n<p class=\"has-medium-font-size\">Las personas interesadas pueden solicitar el derecho de acceso a sus datos personales, as\u00ed como recibirlos en un formato com\u00fan y lectura mecanizada si el tratamiento se efect\u00faa por medios electr\u00f3nicos (derecho de portabilidad).<\/p>\n\n\n\n<p class=\"has-medium-font-size\">Asimismo, las personas interesadas pueden solicitar el derecho de rectificaci\u00f3n de los datos inexactos o, en su caso, solicitar su supresi\u00f3n cuando, entre otros motivos, los datos ya no sean necesarios para los fines que fueron recogidos.<\/p>\n\n\n\n<p class=\"has-medium-font-size\">Asimismo, le informamos que tiene derecho a retirar sus consentimientos otorgados en cualquier momento, sin que ello afecte a la licitud del tratamiento basado en el consentimiento previo a su retirada.<\/p>\n\n\n\n<p class=\"has-medium-font-size\">En cualquier momento el usuario puede ejercitar los mencionados derechos notific\u00e1ndolo por correo electr\u00f3nico a <a href=\"mailto:participa@culturaalimentaria.org\">participa@culturaalimentaria.org<\/a>\u00a0 Usted tambi\u00e9n tendr\u00e1 el derecho a presentar una reclamaci\u00f3n ante la Agencia Espa\u00f1ola de Protecci\u00f3n de datos, especialmente cuando no haya obtenido satisfacci\u00f3n en el ejercicio de sus derechos. Agencia Espa\u00f1ola de Protecci\u00f3n de Datos. C\/ Jorge Juan, 6. 28001 \u2013 Madrid Telf. 901100099 \/ 912663517.<\/p>\n\n\n\n<p class=\"has-medium-font-size\">Por otro lado, de acuerdo con lo dispuesto en la Ley 34\/2002, de 11 de Julio, de Servicios de la Sociedad de Informaci\u00f3n y de Comercio Electr\u00f3nico, &#8216;Cultura Alimentaria&#8217; se compromete a no enviar publicidad a trav\u00e9s del correo electr\u00f3nico sin haber recabado antes la expresa autorizaci\u00f3n del destinatario. El Usuario podr\u00e1 oponerse al env\u00edo de publicidad marcando la casilla correspondiente.<\/p>\n\n\n\n<p class=\"has-medium-font-size\"><strong>Modificaciones de nuestra Pol\u00edtica de Protecci\u00f3n de Datos y de Privacidad<\/strong><\/p>\n\n\n\n<p class=\"has-medium-font-size\">Ocasionalmente, &#8216;Cultura Alimentaria&#8217; podr\u00e1 realizar modificaciones y correcciones en este apartado de &#8216;Pol\u00edtica de Privacidad&#8217; para usuarios web. Por favor, verifique este apartado regularmente para consultar los cambios que puedan haber existido y de qu\u00e9 manera le pueden afectar.<\/p>\n\n\n\n<p class=\"has-medium-font-size\"><strong>Legislaci\u00f3n aplicable<\/strong><\/p>\n\n\n\n<p class=\"has-medium-font-size\">Las presentes Condiciones se regir\u00e1n en todo momento por lo dispuesto en la legislaci\u00f3n espa\u00f1ola y europea en materia de protecci\u00f3n de datos de car\u00e1cter personal y de privacidad.<\/p>\n","protected":false},"excerpt":{"rendered":"<p>Responsable El responsable de los tratamientos de datos referentes a los distintos procesos con respecto a la gesti\u00f3n de nuestros usuarios del sitio web es<\/p>\n","protected":false},"author":1,"featured_media":0,"parent":0,"menu_order":0,"comment_status":"closed","ping_status":"open","template":"","meta":{"footnotes":""},"class_list":["post-3","page","type-page","status-publish","hentry"],"_links":{"self":[{"href":"https:\/\/culturaalimentaria.org\/2024\/wp-json\/wp\/v2\/pages\/3","targetHints":{"allow":["GET"]}}],"collection":[{"href":"https:\/\/culturaalimentaria.org\/2024\/wp-json\/wp\/v2\/pages"}],"about":[{"href":"https:\/\/culturaalimentaria.org\/2024\/wp-json\/wp\/v2\/types\/page"}],"author":[{"embeddable":true,"href":"https:\/\/culturaalimentaria.org\/2024\/wp-json\/wp\/v2\/users\/1"}],"replies":[{"embeddable":true,"href":"https:\/\/culturaalimentaria.org\/2024\/wp-json\/wp\/v2\/comments?post=3"}],"version-history":[{"count":2,"href":"https:\/\/culturaalimentaria.org\/2024\/wp-json\/wp\/v2\/pages\/3\/revisions"}],"predecessor-version":[{"id":742,"href":"https:\/\/culturaalimentaria.org\/2024\/wp-json\/wp\/v2\/pages\/3\/revisions\/742"}],"wp:attachment":[{"href":"https:\/\/culturaalimentaria.org\/2024\/wp-json\/wp\/v2\/media?parent=3"}],"curies":[{"name":"wp","href":"https:\/\/api.w.org\/{rel}","templated":true}]}}

Política de privacidad

<h2 class="wp-block-heading"></h2>



<p class="has-medium-font-size"><strong>Responsable</strong></p>



<p class="has-medium-font-size">El responsable de los tratamientos de datos referentes a los distintos procesos con respecto a la gestión de nuestros usuarios del sitio web es Alfonso Lacuesta Pérez, con CIF 16552315C y con domicilio en Joaquín Turina 5, 5ºA, Logroño, La Rioja, España.</p>



<p class="has-medium-font-size">A cerca de cualquier consulta sobre nuestra política de protección de datos el correo electrónico es <a href="mailto:participa@culturaalimentaria.org">participa@culturaalimentaria.org</a></p>



<p class="has-medium-font-size"><strong>Naturaleza de los datos que recogemos:</strong></p>



<p class="has-medium-font-size">Los datos personales que este sitio web recoge sobre sus usuarios web son:</p>



<p class="has-medium-font-size">Datos de identificación como son nombre y correo electrónico.</p>



<p class="has-medium-font-size"><strong>Finalidad de la recogida de datos:</strong></p>



<p class="has-medium-font-size">Los fines son estadísticos e informativos. Pueden ser con motivo de enviarle una comunicación, informarle de las publicaciones del blog, informarle de cambios en la privacidad o del funcionamiento de aplicaciones o servicios. Llevar a cabo encuestas de satisfacción, estudios de mercado, etc. con el fin de poder ofrecerle un servicio más adecuado y una calidad optimizada de servicio e información, etc.</p>



<p class="has-medium-font-size"><strong>Procedencia y obtención de los datos:</strong></p>



<p class="has-medium-font-size">Los datos los hemos obtenido directamente de usted mediante el envío de un formulario de contacto, formulario de comentarios, formularios que hay en nuestra cuenta de Facebook, o de redes sociales en general, correo electrónico, etc. Será obligación suya o de su empresa facilitarnos los datos actualizados en caso de modificación.</p>



<p class="has-medium-font-size">Estos datos son almacenados por nosotros y dependiendo de su procedencia son segmentados en base a nuestros intereses. Estos datos son proporcionados por el interesado de manera voluntaria y es el propio interesado el responsable de la veracidad y validez de los mismos.</p>



<p class="has-medium-font-size">Mediante los comentarios también recogemos datos de los lectores que se almacenan en la propia base de datos de WordPress.</p>



<p class="has-medium-font-size"><strong>Tiempo que conservaremos sus datos</strong></p>



<p class="has-medium-font-size">Los datos personales relativos a personas físicas vinculadas a clientes potenciales, clientes y proveedores que este sitio web recopile mediante los distintos formularios de contacto y/o recogida de información se conservarán mientras no se solicite su supresión por el interesado.</p>



<p class="has-medium-font-size"><strong>Base de legitimación</strong></p>



<p class="has-medium-font-size">El usuario, cliente o proveedor da su consentimiento libre e inequívoco para enviarle mails, newsletter y comunicaciones.</p>



<p class="has-medium-font-size"><strong>Cesión de datos</strong></p>



<p class="has-medium-font-size">No cedemos datos a terceros de manera explícita, pero usamos una plataforma de gestión de listas de correo Mailchimp que almacenan y nos ayudan a manejar las listas de suscriptores dentro de un entorno seguro. Utilizamos herramientas de analítica como Google Analytics que recaba información de perfiles de usuario de forma anónima que nos sirven para fines estadísticos y prospectivos. Utilizamos herramientas de Facebook para empresas que nos ayudan a segmentar nuestro público y optimizar nuestra inversión publicitaria de manera anónima como es el pixel de Facebook. También en casos utilizamos CRM (plataformas y herramientas para la gestión de clientes) como pueden ser Hubspot, TeamLeader, Zoho… en los que almacenamos y clasificamos contactos.</p>



<p class="has-medium-font-size">&#8216;Cultura Alimentaria&#8217; nunca compartirá sus datos personales con ninguna empresa tercera que pretenda utilizarlos en sus acciones de marketing directo, excepto en el caso de que nos hayas autorizado expresamente a ello.</p>



<p class="has-medium-font-size">Le informamos que podemos facilitar sus datos personales a organismos de la Administración Pública y autoridades competentes en aquellos casos que este sitio web reciba un requerimiento legal por parte de dichas Autoridades o en los casos que actuando de buena fe, consideramos que tal acción es razonablemente necesaria para cumplir con un proceso judicial; para contestar cualquier reclamación o demanda jurídica; o para proteger los derechos de este sitio web o de sus clientes y el público en general.</p>



<p class="has-medium-font-size"><strong>Oposición y modificación</strong></p>



<p class="has-medium-font-size">Puedes ejercer en cualquier momento el derecho a que tus datos se borren, modifiquen o que se eliminen de una lista escribiendo a participa@culturaalimentaria.org  Es posible que tardemos unos días en procesar tu solicitud.</p>



<p class="has-medium-font-size">Las personas interesadas pueden solicitar el derecho de acceso a sus datos personales, así como recibirlos en un formato común y lectura mecanizada si el tratamiento se efectúa por medios electrónicos (derecho de portabilidad).</p>



<p class="has-medium-font-size">Asimismo, las personas interesadas pueden solicitar el derecho de rectificación de los datos inexactos o, en su caso, solicitar su supresión cuando, entre otros motivos, los datos ya no sean necesarios para los fines que fueron recogidos.</p>



<p class="has-medium-font-size">Asimismo, le informamos que tiene derecho a retirar sus consentimientos otorgados en cualquier momento, sin que ello afecte a la licitud del tratamiento basado en el consentimiento previo a su retirada.</p>



<p class="has-medium-font-size">En cualquier momento el usuario puede ejercitar los mencionados derechos notificándolo por correo electrónico a <a href="mailto:participa@culturaalimentaria.org">participa@culturaalimentaria.org</a>  Usted también tendrá el derecho a presentar una reclamación ante la Agencia Española de Protección de datos, especialmente cuando no haya obtenido satisfacción en el ejercicio de sus derechos. Agencia Española de Protección de Datos. C/ Jorge Juan, 6. 28001 – Madrid Telf. 901100099 / 912663517.</p>



<p class="has-medium-font-size">Por otro lado, de acuerdo con lo dispuesto en la Ley 34/2002, de 11 de Julio, de Servicios de la Sociedad de Información y de Comercio Electrónico, &#8216;Cultura Alimentaria&#8217; se compromete a no enviar publicidad a través del correo electrónico sin haber recabado antes la expresa autorización del destinatario. El Usuario podrá oponerse al envío de publicidad marcando la casilla correspondiente.</p>



<p class="has-medium-font-size"><strong>Modificaciones de nuestra Política de Protección de Datos y de Privacidad</strong></p>



<p class="has-medium-font-size">Ocasionalmente, &#8216;Cultura Alimentaria&#8217; podrá realizar modificaciones y correcciones en este apartado de &#8216;Política de Privacidad&#8217; para usuarios web. Por favor, verifique este apartado regularmente para consultar los cambios que puedan haber existido y de qué manera le pueden afectar.</p>



<p class="has-medium-font-size"><strong>Legislación aplicable</strong></p>



<p class="has-medium-font-size">Las presentes Condiciones se regirán en todo momento por lo dispuesto en la legislación española y europea en materia de protección de datos de carácter personal y de privacidad.</p>

<p>Responsable El responsable de los tratamientos de datos referentes a los distintos procesos con respecto a la gestión de nuestros usuarios del sitio web es</p>
