{"id":1686,"date":"2024-10-28T20:52:10","date_gmt":"2024-10-28T19:52:10","guid":{"rendered":"https:\/\/culturaalimentaria.org\/2024\/?post_type=tribe_events&#038;p=1686"},"modified":"2024-10-28T20:52:10","modified_gmt":"2024-10-28T19:52:10","slug":"charla-en-ies-hermanos-delhuyar-3e","status":"publish","type":"tribe_events","link":"https:\/\/culturaalimentaria.org\/2024\/actividad\/charla-en-ies-hermanos-delhuyar-3e\/","title":{"rendered":"Charla en IES Hermanos D\u2019Elhuyar 3E"},"content":{"rendered":"<p><span style=\"color: #7fae38;\"><strong>CHARLA:<\/strong>\u00a0<strong>\u00abEl coste ambiental de lo que comemos.<\/strong><\/span><br \/>\n<span style=\"color: #7fae38;\"><strong>C\u00f3mo la producci\u00f3n de alimentos y nuestros h\u00e1bitos de consumo afectan al medioambiente.\u00bb<\/strong><\/span><\/p>\n<p>Campa\u00f1a de concienciaci\u00f3n y sensibilizaci\u00f3n en educaci\u00f3n ambiental<\/p>\n<p>Ponente: Alfonso Lacuesta<br \/>\n<em>Ingeniero T\u00e9cnico Agr\u00edcola &#8211; Agente de Desarrollo Rural e Innovaci\u00f3n<\/em><\/p>\n<p>Colabora: IES Hermanos D\u2019Elhuyar<\/p>\n","protected":false},"excerpt":{"rendered":"<p>CAMPA\u00d1A DE EDUCACI\u00d3N AMBIENTAL<br \/>\nCharla: El coste ambiental de nuestra alimentaci\u00f3n.<br \/>\nC\u00f3mo la producci\u00f3n de alimentos y nuestros h\u00e1bitos de consumo afectan al medioambiente.<\/p>\n","protected":false},"author":1,"featured_media":1679,"comment_status":"open","ping_status":"closed","template":"","meta":{"_tribe_events_status":"","_tribe_events_status_reason":"","footnotes":""},"tags":[9,80],"tribe_events_cat":[51],"class_list":["post-1686","tribe_events","type-tribe_events","status-publish","has-post-thumbnail","hentry","tag-charla","tag-elhuyar","tribe_events_cat-charla","cat_charla"],"_links":{"self":[{"href":"https:\/\/culturaalimentaria.org\/2024\/wp-json\/wp\/v2\/tribe_events\/1686","targetHints":{"allow":["GET"]}}],"collection":[{"href":"https:\/\/culturaalimentaria.org\/2024\/wp-json\/wp\/v2\/tribe_events"}],"about":[{"href":"https:\/\/culturaalimentaria.org\/2024\/wp-json\/wp\/v2\/types\/tribe_events"}],"author":[{"embeddable":true,"href":"https:\/\/culturaalimentaria.org\/2024\/wp-json\/wp\/v2\/users\/1"}],"replies":[{"embeddable":true,"href":"https:\/\/culturaalimentaria.org\/2024\/wp-json\/wp\/v2\/comments?post=1686"}],"version-history":[{"count":1,"href":"https:\/\/culturaalimentaria.org\/2024\/wp-json\/wp\/v2\/tribe_events\/1686\/revisions"}],"predecessor-version":[{"id":1687,"href":"https:\/\/culturaalimentaria.org\/2024\/wp-json\/wp\/v2\/tribe_events\/1686\/revisions\/1687"}],"wp:featuredmedia":[{"embeddable":true,"href":"https:\/\/culturaalimentaria.org\/2024\/wp-json\/wp\/v2\/media\/1679"}],"wp:attachment":[{"href":"https:\/\/culturaalimentaria.org\/2024\/wp-json\/wp\/v2\/media?parent=1686"}],"wp:term":[{"taxonomy":"post_tag","embeddable":true,"href":"https:\/\/culturaalimentaria.org\/2024\/wp-json\/wp\/v2\/tags?post=1686"},{"taxonomy":"tribe_events_cat","embeddable":true,"href":"https:\/\/culturaalimentaria.org\/2024\/wp-json\/wp\/v2\/tribe_events_cat?post=1686"}],"curies":[{"name":"wp","href":"https:\/\/api.w.org\/{rel}","templated":true}]}}

<p><span style="color: #7fae38;"><strong>CHARLA:</strong> <strong>«El coste ambiental de lo que comemos.</strong></span><br />
<span style="color: #7fae38;"><strong>Cómo la producción de alimentos y nuestros hábitos de consumo afectan al medioambiente.»</strong></span></p>
<p>Campaña de concienciación y sensibilización en educación ambiental</p>
<p>Ponente: Alfonso Lacuesta<br />
<em>Ingeniero Técnico Agrícola &#8211; Agente de Desarrollo Rural e Innovación</em></p>
<p>Colabora: IES Hermanos D’Elhuyar</p>

<p>CAMPAÑA DE EDUCACIÓN AMBIENTAL<br />
Charla: El coste ambiental de nuestra alimentación.<br />
Cómo la producción de alimentos y nuestros hábitos de consumo afectan al medioambiente.</p>
