{"id":1734,"date":"2024-11-12T13:26:36","date_gmt":"2024-11-12T12:26:36","guid":{"rendered":"https:\/\/culturaalimentaria.org\/2024\/?post_type=tribe_events&#038;p=1734"},"modified":"2024-11-12T13:26:36","modified_gmt":"2024-11-12T12:26:36","slug":"proyeccion-torrecilla-en-cameros","status":"publish","type":"tribe_events","link":"https:\/\/culturaalimentaria.org\/2024\/actividad\/proyeccion-torrecilla-en-cameros\/","title":{"rendered":"Proyecci\u00f3n en Torrecilla en Cameros"},"content":{"rendered":"<p>Proyecci\u00f3n de la pel\u00edcula varias veces premiada \u00abGanado o desierto\u00bb de Francisco Vaquero en el Sal\u00f3n del Ayuntamiento de TORRECILLA EN CAMEROS, La Rioja.<\/p>\n<hr \/>\n<p><img loading=\"lazy\" decoding=\"async\" class=\"alignnone wp-image-1166 size-full\" src=\"https:\/\/culturaalimentaria.org\/2024\/wp-content\/uploads\/2024\/09\/Ganado-o-desierto-2.webp\" alt=\"\" width=\"425\" height=\"638\" srcset=\"https:\/\/culturaalimentaria.org\/2024\/wp-content\/uploads\/2024\/09\/Ganado-o-desierto-2.webp 425w, https:\/\/culturaalimentaria.org\/2024\/wp-content\/uploads\/2024\/09\/Ganado-o-desierto-2-200x300.webp 200w\" sizes=\"auto, (max-width: 425px) 100vw, 425px\" \/><\/p>\n<p>&nbsp;<\/p>\n<p>Proyecci\u00f3n: <strong>Ganado o desierto<\/strong><\/p>\n<p><em>La lucha por revertir el cambio clim\u00e1tico est\u00e1 poniendo a los animales en el punto de mira.<\/em><\/p>\n<p><em>El prop\u00f3sito de este documental se centra en mostrar el uso de la ganader\u00eda para la regeneraci\u00f3n de los pastos, los suelos, la arboleda y el agua.<\/em><\/p>\n<p><em>El buen manejo del ganado se muestra de manera real como una soluci\u00f3n para la restauraci\u00f3n de los ecosistemas y las econom\u00edas rurales.<\/em><\/p>\n<p>Director: Francisco Vaquero<\/p>\n<p>M\u00e1s informaci\u00f3n en<strong>\u00a0<a href=\"https:\/\/ganado-o-desierto.com\/\" target=\"_blank\" rel=\"noopener\">https:\/\/ganado-o-desierto.com\/<\/a><\/strong><\/p>\n<hr \/>\n<p>Coloquio: Alfonso Lacuesta<br \/>\n<em>Ingeniero T\u00e9cnico Agr\u00edcola &#8211; Agente de Desarrollo Rural e Innovaci\u00f3n<\/em><\/p>\n<p>Colabora: Ayuntamiento de Torrecilla en Cameros<\/p>\n<hr \/>\n<p>Campa\u00f1a de concienciaci\u00f3n y sensibilizaci\u00f3n en educaci\u00f3n ambiental<\/p>\n<p><span style=\"color: #7fae38;\"><strong>\u00abEl coste ambiental de lo que comemos.<\/strong><\/span><br \/>\n<span style=\"color: #7fae38;\"><strong>C\u00f3mo la producci\u00f3n de alimentos y nuestros h\u00e1bitos de consumo afectan al medioambiente.\u00bb<\/strong><\/span><\/p>\n","protected":false},"excerpt":{"rendered":"<p>Proyecci\u00f3n de la pel\u00edcula \u00abGanado o desierto\u00bb de Francisco Vaquero en el Sal\u00f3n del Ayuntamiento de TORRECILLA EN CAMEROS.<\/p>\n","protected":false},"author":1,"featured_media":1733,"comment_status":"open","ping_status":"closed","template":"","meta":{"_tribe_events_status":"","_tribe_events_status_reason":"","footnotes":""},"tags":[75,47,12],"tribe_events_cat":[46],"class_list":["post-1734","tribe_events","type-tribe_events","status-publish","has-post-thumbnail","hentry","tag-ganado-o-desierto","tag-proyeccion","tag-torrecilla-en-cameros","tribe_events_cat-proyeccion","cat_proyeccion"],"_links":{"self":[{"href":"https:\/\/culturaalimentaria.org\/2024\/wp-json\/wp\/v2\/tribe_events\/1734","targetHints":{"allow":["GET"]}}],"collection":[{"href":"https:\/\/culturaalimentaria.org\/2024\/wp-json\/wp\/v2\/tribe_events"}],"about":[{"href":"https:\/\/culturaalimentaria.org\/2024\/wp-json\/wp\/v2\/types\/tribe_events"}],"author":[{"embeddable":true,"href":"https:\/\/culturaalimentaria.org\/2024\/wp-json\/wp\/v2\/users\/1"}],"replies":[{"embeddable":true,"href":"https:\/\/culturaalimentaria.org\/2024\/wp-json\/wp\/v2\/comments?post=1734"}],"version-history":[{"count":1,"href":"https:\/\/culturaalimentaria.org\/2024\/wp-json\/wp\/v2\/tribe_events\/1734\/revisions"}],"predecessor-version":[{"id":1736,"href":"https:\/\/culturaalimentaria.org\/2024\/wp-json\/wp\/v2\/tribe_events\/1734\/revisions\/1736"}],"wp:featuredmedia":[{"embeddable":true,"href":"https:\/\/culturaalimentaria.org\/2024\/wp-json\/wp\/v2\/media\/1733"}],"wp:attachment":[{"href":"https:\/\/culturaalimentaria.org\/2024\/wp-json\/wp\/v2\/media?parent=1734"}],"wp:term":[{"taxonomy":"post_tag","embeddable":true,"href":"https:\/\/culturaalimentaria.org\/2024\/wp-json\/wp\/v2\/tags?post=1734"},{"taxonomy":"tribe_events_cat","embeddable":true,"href":"https:\/\/culturaalimentaria.org\/2024\/wp-json\/wp\/v2\/tribe_events_cat?post=1734"}],"curies":[{"name":"wp","href":"https:\/\/api.w.org\/{rel}","templated":true}]}}

Proyección en Torrecilla en Cameros

<p>Proyección de la película varias veces premiada «Ganado o desierto» de Francisco Vaquero en el Salón del Ayuntamiento de TORRECILLA EN CAMEROS, La Rioja.</p>
<hr />
<p><img loading="lazy" decoding="async" class="alignnone wp-image-1166 size-full" src="https://culturaalimentaria.org/2024/wp-content/uploads/2024/09/Ganado-o-desierto-2.webp" alt="" width="425" height="638" srcset="https://culturaalimentaria.org/2024/wp-content/uploads/2024/09/Ganado-o-desierto-2.webp 425w, https://culturaalimentaria.org/2024/wp-content/uploads/2024/09/Ganado-o-desierto-2-200x300.webp 200w" sizes="auto, (max-width: 425px) 100vw, 425px" /></p>
<p>&nbsp;</p>
<p>Proyección: <strong>Ganado o desierto</strong></p>
<p><em>La lucha por revertir el cambio climático está poniendo a los animales en el punto de mira.</em></p>
<p><em>El propósito de este documental se centra en mostrar el uso de la ganadería para la regeneración de los pastos, los suelos, la arboleda y el agua.</em></p>
<p><em>El buen manejo del ganado se muestra de manera real como una solución para la restauración de los ecosistemas y las economías rurales.</em></p>
<p>Director: Francisco Vaquero</p>
<p>Más información en<strong> <a href="https://ganado-o-desierto.com/" target="_blank" rel="noopener">https://ganado-o-desierto.com/</a></strong></p>
<hr />
<p>Coloquio: Alfonso Lacuesta<br />
<em>Ingeniero Técnico Agrícola &#8211; Agente de Desarrollo Rural e Innovación</em></p>
<p>Colabora: Ayuntamiento de Torrecilla en Cameros</p>
<hr />
<p>Campaña de concienciación y sensibilización en educación ambiental</p>
<p><span style="color: #7fae38;"><strong>«El coste ambiental de lo que comemos.</strong></span><br />
<span style="color: #7fae38;"><strong>Cómo la producción de alimentos y nuestros hábitos de consumo afectan al medioambiente.»</strong></span></p>

<p>Proyección de la película «Ganado o desierto» de Francisco Vaquero en el Salón del Ayuntamiento de TORRECILLA EN CAMEROS.</p>
